{"id":48,"date":"2015-09-08T15:25:29","date_gmt":"2015-09-08T15:25:29","guid":{"rendered":"http:\/\/natur-wandel.de\/?page_id=48"},"modified":"2025-10-09T20:01:10","modified_gmt":"2025-10-09T20:01:10","slug":"ueber-uns","status":"publish","type":"page","link":"https:\/\/natur-wandel.de\/?page_id=48","title":{"rendered":"\u00dcber uns"},"content":{"rendered":"<p>Willkommen bei Natur Wandel<\/p>\n<p>Sch\u00f6n, dass Sie hier sind!&nbsp;<\/p>\n<p>Hier erfahren Sie mehr \u00fcber unserer Arbeit als ganzheitliche Naturfriseurinnen und die Philosophie hinter nat\u00fcrlicher Haar- und Hautpflege. Lassen Sie sich inspirieren und entdecken Sie, wie achtsam und wohltuend ein Friseurbesuch sein kann.<\/p>\n<p>Wir w\u00fcnschen Ihnen Vertrauen in die Natur.<\/p>\n<hr>\n<p>&nbsp;<\/p>\n<p><a href=\"http:\/\/natur-wandel.de\/wp-content\/uploads\/2015\/09\/Birgit_klein.jpg\"><img decoding=\"async\" loading=\"lazy\" class=\"alignnone size-medium wp-image-51\" src=\"http:\/\/natur-wandel.de\/wp-content\/uploads\/2015\/09\/Birgit_klein-300x200.jpg\" alt=\"Birgit_klein\" width=\"300\" height=\"200\" srcset=\"https:\/\/natur-wandel.de\/wp-content\/uploads\/2015\/09\/Birgit_klein-300x200.jpg 300w, https:\/\/natur-wandel.de\/wp-content\/uploads\/2015\/09\/Birgit_klein.jpg 640w\" sizes=\"(max-width: 300px) 100vw, 300px\" \/><\/a><\/p>\n<p>Birgit Leis &#8211; ganzheitliche Naturfriseurin<\/p>\n<p>&nbsp;<\/p>\n<p>&nbsp;<\/p>\n<p>&nbsp;<\/p>\n<p><a href=\"http:\/\/natur-wandel.de\/wp-content\/uploads\/2015\/09\/Birgit_klein.jpg\"><img decoding=\"async\" loading=\"lazy\" class=\"size-medium wp-image-650 alignnone\" src=\"http:\/\/natur-wandel.de\/wp-content\/uploads\/2025\/10\/f2702415-1ba2-4f15-bb22-bdcf9f837b03-225x300.jpg\" alt=\"\" width=\"225\" height=\"300\" srcset=\"https:\/\/natur-wandel.de\/wp-content\/uploads\/2025\/10\/f2702415-1ba2-4f15-bb22-bdcf9f837b03-225x300.jpg 225w, https:\/\/natur-wandel.de\/wp-content\/uploads\/2025\/10\/f2702415-1ba2-4f15-bb22-bdcf9f837b03-768x1024.jpg 768w, https:\/\/natur-wandel.de\/wp-content\/uploads\/2025\/10\/f2702415-1ba2-4f15-bb22-bdcf9f837b03-1152x1536.jpg 1152w, https:\/\/natur-wandel.de\/wp-content\/uploads\/2025\/10\/f2702415-1ba2-4f15-bb22-bdcf9f837b03.jpg 1200w\" sizes=\"(max-width: 225px) 100vw, 225px\" \/><\/a><\/p>\n<p>Evelyn Roth &#8211; ganzheitliche Naturfriseurin<\/p>\n<p>mobil: 015755280361<\/p>\n<p>&nbsp;<\/p>\n<p>&nbsp;<\/p>\n","protected":false},"excerpt":{"rendered":"<p>Willkommen bei Natur Wandel Sch\u00f6n, dass Sie hier sind!&nbsp; Hier erfahren Sie mehr \u00fcber unserer Arbeit als ganzheitliche Naturfriseurinnen und die Philosophie hinter nat\u00fcrlicher Haar- und Hautpflege. Lassen Sie sich inspirieren und entdecken Sie, wie achtsam und wohltuend ein Friseurbesuch sein kann. Wir w\u00fcnschen Ihnen Vertrauen in die Natur. &nbsp; Birgit Leis &#8211; ganzheitliche Naturfriseurin [&hellip;]<\/p>\n","protected":false},"author":1,"featured_media":516,"parent":0,"menu_order":1,"comment_status":"closed","ping_status":"closed","template":"","meta":{"ngg_post_thumbnail":0},"_links":{"self":[{"href":"https:\/\/natur-wandel.de\/index.php?rest_route=\/wp\/v2\/pages\/48"}],"collection":[{"href":"https:\/\/natur-wandel.de\/index.php?rest_route=\/wp\/v2\/pages"}],"about":[{"href":"https:\/\/natur-wandel.de\/index.php?rest_route=\/wp\/v2\/types\/page"}],"author":[{"embeddable":true,"href":"https:\/\/natur-wandel.de\/index.php?rest_route=\/wp\/v2\/users\/1"}],"replies":[{"embeddable":true,"href":"https:\/\/natur-wandel.de\/index.php?rest_route=%2Fwp%2Fv2%2Fcomments&post=48"}],"version-history":[{"count":49,"href":"https:\/\/natur-wandel.de\/index.php?rest_route=\/wp\/v2\/pages\/48\/revisions"}],"predecessor-version":[{"id":683,"href":"https:\/\/natur-wandel.de\/index.php?rest_route=\/wp\/v2\/pages\/48\/revisions\/683"}],"wp:featuredmedia":[{"embeddable":true,"href":"https:\/\/natur-wandel.de\/index.php?rest_route=\/wp\/v2\/media\/516"}],"wp:attachment":[{"href":"https:\/\/natur-wandel.de\/index.php?rest_route=%2Fwp%2Fv2%2Fmedia&parent=48"}],"curies":[{"name":"wp","href":"https:\/\/api.w.org\/{rel}","templated":true}]}}