{"id":180,"date":"2015-09-10T15:11:44","date_gmt":"2015-09-10T15:11:44","guid":{"rendered":"http:\/\/natur-wandel.de\/?page_id=180"},"modified":"2025-10-09T20:00:17","modified_gmt":"2025-10-09T20:00:17","slug":"oeffnungszeiten-terminvereinbarung","status":"publish","type":"page","link":"https:\/\/natur-wandel.de\/?page_id=180","title":{"rendered":"\u00d6ffnungszeiten \/ Terminvereinbarung"},"content":{"rendered":"<h3>\u00d6ffnungszeiten<\/h3>\n<p><strong><br \/>\nnach Vereinbarung<\/strong><\/p>\n<p>&nbsp;<\/p>\n<h3>Terminvereinbarung<\/h3>\n<p>Telefon:&nbsp;<strong>06051 \u2013 97 71 425<\/strong><\/p>\n<p><strong>Eine Terminvereinbarung ist nur telefonisch m\u00f6glich.<\/strong><\/p>\n<p><strong>Sollten Sie einen Termin nicht wahrnehmen k\u00f6nnen, bitte ich Sie um rechtzeitige Absage.<\/strong><\/p>\n<p><strong>Nicht abgesagte Termine werden zur H\u00e4lfte berechnet!<\/strong><\/p>\n<p>&nbsp;<\/p>\n","protected":false},"excerpt":{"rendered":"<p>\u00d6ffnungszeiten nach Vereinbarung &nbsp; Terminvereinbarung Telefon:&nbsp;06051 \u2013 97 71 425 Eine Terminvereinbarung ist nur telefonisch m\u00f6glich. Sollten Sie einen Termin nicht wahrnehmen k\u00f6nnen, bitte ich Sie um rechtzeitige Absage. Nicht abgesagte Termine werden zur H\u00e4lfte berechnet! &nbsp;<\/p>\n","protected":false},"author":1,"featured_media":537,"parent":0,"menu_order":3,"comment_status":"closed","ping_status":"closed","template":"","meta":{"ngg_post_thumbnail":0},"_links":{"self":[{"href":"https:\/\/natur-wandel.de\/index.php?rest_route=\/wp\/v2\/pages\/180"}],"collection":[{"href":"https:\/\/natur-wandel.de\/index.php?rest_route=\/wp\/v2\/pages"}],"about":[{"href":"https:\/\/natur-wandel.de\/index.php?rest_route=\/wp\/v2\/types\/page"}],"author":[{"embeddable":true,"href":"https:\/\/natur-wandel.de\/index.php?rest_route=\/wp\/v2\/users\/1"}],"replies":[{"embeddable":true,"href":"https:\/\/natur-wandel.de\/index.php?rest_route=%2Fwp%2Fv2%2Fcomments&post=180"}],"version-history":[{"count":16,"href":"https:\/\/natur-wandel.de\/index.php?rest_route=\/wp\/v2\/pages\/180\/revisions"}],"predecessor-version":[{"id":682,"href":"https:\/\/natur-wandel.de\/index.php?rest_route=\/wp\/v2\/pages\/180\/revisions\/682"}],"wp:featuredmedia":[{"embeddable":true,"href":"https:\/\/natur-wandel.de\/index.php?rest_route=\/wp\/v2\/media\/537"}],"wp:attachment":[{"href":"https:\/\/natur-wandel.de\/index.php?rest_route=%2Fwp%2Fv2%2Fmedia&parent=180"}],"curies":[{"name":"wp","href":"https:\/\/api.w.org\/{rel}","templated":true}]}}